{"id":3,"date":"2022-11-18T09:20:57","date_gmt":"2022-11-18T09:20:57","guid":{"rendered":"https:\/\/sakarya.news\/?page_id=3"},"modified":"2022-12-23T10:05:07","modified_gmt":"2022-12-23T07:05:07","slug":"privacy-policy","status":"publish","type":"page","link":"https:\/\/haber.kocaalibilisim.com\/index.php\/privacy-policy\/","title":{"rendered":"Gizlilik Politikas\u0131"},"content":{"rendered":"\n<p><strong>G\u0130ZL\u0130L\u0130K VE K\u0130\u015e\u0130SEL VER\u0130LER\u0130N KORUNMASI POL\u0130T\u0130KASI<\/strong><\/p>\n\n\n\n<p>\u0130\u015fbu Gizlilik ve Ki\u015fisel Verilerin Korunmas\u0131 Politikas\u0131,<strong>&nbsp;<\/strong>olarak i\u00e7erik sa\u011flay\u0131c\u0131s\u0131 ve veri sorumlusu oldu\u011fumuz&nbsp;<strong>sakarya.news<\/strong>&nbsp;adresli internet sitemiz&nbsp;<strong>(\u201c\u0130nternet Sitesi\u201d)<\/strong>&nbsp;ve sair yollar \u00fczerinden hangi ki\u015fisel verilerin ne \u015fekilde topland\u0131\u011f\u0131, kullan\u0131ld\u0131\u011f\u0131, kimlerle payla\u015f\u0131labilece\u011fi, Kullan\u0131c\u0131lar\u0131n\/\u00dcyelerin hangi haklara sahip olduklar\u0131, bunlar\u0131 ne \u015fekilde kullanabilecekleri ve \u00e7erezler hakk\u0131nda bilgi vermek amac\u0131yla haz\u0131rlanm\u0131\u015ft\u0131r.<\/p>\n\n\n\n<p>\u0130nternet Sitemizi ziyaret eden, kullanan, \u00fcye olan, eri\u015fen, yorum, bilgi, g\u00f6r\u00fcnt\u00fc, video, resim, foto\u011fraf gibi i\u00e7erik g\u00f6nderen ki\u015fi ve kurulu\u015flar&nbsp;<strong>(\u201cKullan\u0131c\u0131\/\u00dcye\u201d)<\/strong>&nbsp;i\u015fbu Gizlilik ve Ki\u015fisel Verilerin Korunmas\u0131 Politikas\u0131\u2019nda yer alan t\u00fcm \u015fartlar\u0131 kabul etmi\u015f bulunmaktad\u0131r.<\/p>\n\n\n\n<p>\u015eirketin, i\u015fbu Gizlilik ve Ki\u015fisel Verilerin Korunmas\u0131 Politikas\u0131\u2019nda yapaca\u011f\u0131 de\u011fi\u015fiklikler ve g\u00fcncellemeler \u0130nternet Sitemizde yay\u0131nland\u0131\u011f\u0131 andan itibaren ge\u00e7erlilik kazanm\u0131\u015f say\u0131l\u0131r. Bu nedenle, \u0130nternet Sitemiz ziyaret edilmeden \u00f6nce i\u015fbu Gizlilik ve Ki\u015fisel Verilerin Korunmas\u0131 Politikas\u0131\u2019n\u0131n Kullan\u0131c\u0131\/\u00dcye taraf\u0131ndan g\u00f6zden ge\u00e7irilmesi ve yap\u0131lan de\u011fi\u015fiklik ve\/veya d\u00fczeltmelerin Kullan\u0131c\u0131\/\u00dcye taraf\u0131ndan dikkate al\u0131nmas\u0131n\u0131 \u00f6neririz.<\/p>\n\n\n\n<p><strong>Mobil Uygulama taraf\u0131ndan kullan\u0131lan \u00fc\u00e7\u00fcnc\u00fc taraf hizmet sa\u011flay\u0131c\u0131lar\u0131n\u0131n gizlilik politikas\u0131na sayfalar\u0131<\/strong><\/p>\n\n\n\n<ul class=\"wp-block-list\">\n<li><a href=\"https:\/\/policies.google.com\/privacy\" target=\"_blank\" rel=\"noreferrer noopener\">Google Play Services<\/a><\/li>\n\n\n\n<li><a href=\"https:\/\/support.google.com\/admob\/answer\/6128543?hl=en\" target=\"_blank\" rel=\"noreferrer noopener\">AdMob<\/a><\/li>\n\n\n\n<li><a href=\"https:\/\/firebase.google.com\/policies\/analytics\/\" target=\"_blank\" rel=\"noreferrer noopener\">Firebase Analytics<\/a><\/li>\n<\/ul>\n\n\n\n<p><strong>1. Ki\u015fisel Verilerin Toplanmas\u0131<\/strong><\/p>\n\n\n\n<p><strong>1.1.<\/strong>&nbsp;\u0130nternet Sitemizi g\u00f6r\u00fcnt\u00fclemek ve ziyaret etmek i\u00e7in Kullan\u0131c\u0131n\u0131n\/\u00dcyenin ki\u015fisel verilerini payla\u015fmas\u0131 gerekmemektedir. Ancak, Kullan\u0131c\u0131\/\u00dcye, \u0130nternet Sitemizin sundu\u011fu \u00f6zellikler ve hizmetlerden herhangi birine kat\u0131lmak, yararlanmak veya bunlar\u0131 kullanmak isterse, bu durumda kendisinden \u00e7e\u015fitli ki\u015fisel ve\/veya demografik veriler sa\u011flanmas\u0131 talep edilebilecektir.<\/p>\n\n\n\n<p><strong>1.2.<\/strong>&nbsp;\u0130\u015fbu Gizlilik ve Ki\u015fisel Verilerin Korunmas\u0131 Politikas\u0131\u2019nda kullan\u0131lan ki\u015fisel veriler terimi; ad-soyad, e-posta adresi, telefon numaras\u0131, do\u011fum tarihi, ya\u015f, cinsiyet ve Kullan\u0131c\u0131n\u0131n\/\u00dcyenin sosyal medya hesaplar\u0131yla ba\u011flanmas\u0131 durumunda mezk\u00fbr hesaplar arac\u0131l\u0131\u011f\u0131yla payla\u015f\u0131lmas\u0131na onay verdi\u011fi bilgiler d\u00e2hil olmak \u00fczere ancak bunlarla s\u0131n\u0131rl\u0131 olmamak kayd\u0131yla Kullan\u0131c\u0131y\u0131\/\u00dcyeyi do\u011frudan veya dolayl\u0131 olarak tan\u0131mlamaya y\u00f6nelik verileri ifade etmektedir.<\/p>\n\n\n\n<p><strong>1.3.<\/strong>&nbsp;Kullan\u0131c\u0131n\u0131n\/\u00dcyenin, \u015eirket\u2019e iletti\u011fi ki\u015fisel veriler, a\u015fa\u011f\u0131da belirtilen ama\u00e7lar \u00e7er\u00e7evesinde i\u015flenecek olup, hi\u00e7bir durumda \u00f6ng\u00f6r\u00fclen amac\u0131n d\u0131\u015f\u0131nda kullan\u0131lmayacakt\u0131r. Kullan\u0131c\u0131ya\/\u00dcyeye ait ki\u015fisel veriler; \u015eirket taraf\u0131ndan daha iyi bir hizmet sa\u011flamak, Kullan\u0131c\u0131n\u0131n\/\u00dcyenin sorular\u0131n\u0131 cevaplamak ve etkin bir m\u00fc\u015fteri hizmeti sunmak, gerekti\u011finde temas kurmak, yay\u0131nlar g\u00f6ndermek, elektronik posta ile b\u00fclten g\u00f6ndermek ya da bildirimlerde bulunmak, Kullan\u0131c\u0131\/\u00dcye ad\u0131na \u00fcyelik hesab\u0131 olu\u015fturmak, verilen hizmetlerin devam\u0131n\u0131 ve iyile\u015ftirilmesini sa\u011flamak, ihtiya\u00e7 duyuldu\u011funda ge\u00e7mi\u015fe y\u00f6nelik bilgilere yeniden ula\u015fmak, Kullan\u0131c\u0131n\u0131n\/\u00dcyenin ilgi alanlar\u0131n\u0131 tan\u0131mlayarak toplanan veriler ile i\u015f geli\u015ftirme, pazarlama, ileti\u015fim gibi operasyonel faaliyetleri y\u00fcr\u00fctmek ve geli\u015ftirmek, Kullan\u0131c\u0131n\u0131n\/\u00dcyenin mevcut sosyal a\u011f hesaplar\u0131 ile siteye daha kolay eri\u015fimini sa\u011flamak, Kanun\u2019dan ve sair mevzuattan do\u011fan y\u00fck\u00fcml\u00fcl\u00fcklerimizi yerine getirmek, istatistik\u00ee \u00e7al\u0131\u015fmalar ve pazar ara\u015ft\u0131rmas\u0131 yapmak, veritaban\u0131 olu\u015fturmak gibi ama\u00e7larla i\u015flenebilmektedir.<\/p>\n\n\n\n<p><strong>1.4.<\/strong>&nbsp;Kullan\u0131c\u0131ya\/\u00dcyeye ait ki\u015fisel veriler ile gezinme, trafik bilgileri ve Internet Protokol (IP) adresi; g\u00fcvenlik ve yasalar kar\u015f\u0131s\u0131ndaki y\u00fck\u00fcml\u00fcl\u00fc\u011f\u00fcm\u00fcz\u00fc ifa etmek amac\u0131yla (su\u00e7la m\u00fccadele, devlet ve kamu g\u00fcvenli\u011finin tehdidi benzeri ve fakat bununla s\u0131n\u0131rl\u0131 olmamak \u00fczere yasal veya idari olarak bildirim veya bilgi verme y\u00fck\u00fcml\u00fcl\u00fc\u011f\u00fcm\u00fcz\u00fcn mevcut oldu\u011fu durumlarda) y\u00fcr\u00fcrl\u00fckteki mevzuat uyar\u0131nca yetkili, idari ve resmi makamlardan usul\u00fcne uygun olarak talep gelmesi halinde, ilgili kurum ve kurulu\u015flar ile payla\u015facakt\u0131r.<\/p>\n\n\n\n<p><strong>1.5.<\/strong>&nbsp;Kullan\u0131c\u0131ya\/\u00dcyeye ait ki\u015fisel veriler; \u015eirketimiz veya \u015eirketimiz ad\u0131na veri i\u015fleyen ger\u00e7ek ya da t\u00fczel ki\u015filer taraf\u0131ndan; ileti\u015fim formlar\u0131, t\u00fcketici \u015fik\u00e2yet formlar\u0131, sosyal a\u011flar, internet sitesi, muhtelif s\u00f6zle\u015fmeler, mobil uygulamalar, elektronik posta, ba\u015fvuru formlar\u0131, b\u00fcltenler d\u00e2hil olmak \u00fczere ancak bunlarla s\u0131n\u0131rl\u0131 olmamak kayd\u0131yla benzeri ara\u00e7larla, s\u00f6zl\u00fc, yaz\u0131l\u0131, otomatik ya da otomatik olmayan y\u00f6ntemlerle ya da elektronik olarak toplanabilecektir.<\/p>\n\n\n\n<p><strong>1.6.<\/strong>&nbsp;Kullan\u0131c\u0131\/\u00dcye taraf\u0131ndan verilen bilgilerin do\u011fru ve eksiksiz olmas\u0131 Kullan\u0131c\u0131n\u0131n\/\u00dcyenin sorumlulu\u011fundad\u0131r. Yanl\u0131\u015f, yan\u0131lt\u0131c\u0131 veya eksik bilgi verildi\u011fi takdirde; \u015eirket\u2019in hi\u00e7bir sorumlulu\u011fu olmayaca\u011f\u0131 gibi, bu nedenle u\u011fran\u0131lan zarar\u0131 tazmin y\u00fck\u00fcml\u00fcl\u00fc\u011f\u00fc tamamen Kullan\u0131c\u0131ya\/\u00dcyeye ait olacakt\u0131r.<\/p>\n\n\n\n<p><strong>2. K\u0130\u015e\u0130SEL VER\u0130LER\u0130N AKTARILMASI<\/strong><\/p>\n\n\n\n<p>Kullan\u0131c\u0131ya\/\u00dcyeye ait ki\u015fisel veriler, yukar\u0131da say\u0131lan ama\u00e7lar d\u00e2hilinde, y\u00fcr\u00fcrl\u00fckte olan mevzuata uygun olarak, \u015eirket\u2019in do\u011frudan ve\/veya dolayl\u0131 olarak hissedar\u0131 oldu\u011fu t\u00fcm i\u015ftirakleri ve ba\u011fl\u0131 \u015firketleri ile payla\u015f\u0131labilece\u011fi gibi, say\u0131lanlar ile s\u0131n\u0131rl\u0131 olmamak \u00fczere; i\u015f ortaklar\u0131m\u0131za, i\u015f ba\u011flant\u0131lar\u0131m\u0131za, ifa yard\u0131mc\u0131lar\u0131m\u0131za ve alt y\u00fcklenicilerimiz ile sundu\u011fumuz hizmetin amac\u0131 do\u011frultusunda ya da d\u00fczenleyici denetleyici kurumlara ve resmi mercilerle ilgili mevzuat\u0131n \u00f6ng\u00f6rd\u00fc\u011f\u00fc durumlarda yurt i\u00e7inde ve\/veya yurt d\u0131\u015f\u0131na aktar\u0131labilecektir. Kullan\u0131c\u0131\/\u00dcye, ki\u015fisel verilerinin yukar\u0131da belirtilen \u015fekilde aktar\u0131lmas\u0131na onay verdi\u011fini kabul ve beyan etmektedir.<\/p>\n\n\n\n<p><strong>3. K\u0130\u015e\u0130SEL VER\u0130 SAH\u0130B\u0130N\u0130N HAKLARI<\/strong><\/p>\n\n\n\n<p><strong>3.1.<\/strong>&nbsp;Ki\u015fisel Verilerin Korunmas\u0131 Kanunu ve y\u00fcr\u00fcrl\u00fckte bulunan di\u011fer mevzuat kapsam\u0131nda Kullan\u0131c\u0131\/\u00dcye;<\/p>\n\n\n\n<p><strong>a)<\/strong>&nbsp;Ki\u015fisel verilerinin i\u015flenip i\u015flenmedi\u011fini \u00f6\u011frenme,<\/p>\n\n\n\n<p><strong>b)<\/strong>&nbsp;Ki\u015fisel verileri i\u015flenmi\u015fse buna ili\u015fkin bilgi talep etme,<\/p>\n\n\n\n<p><strong>c)<\/strong>&nbsp;Ki\u015fisel verilerin i\u015flenme amac\u0131n\u0131 ve bunlar\u0131n amac\u0131na uygun kullan\u0131l\u0131p kullan\u0131lmad\u0131\u011f\u0131n\u0131 \u00f6\u011frenme,<\/p>\n\n\n\n<p><strong>d)<\/strong>&nbsp;Yurt i\u00e7inde veya yurt d\u0131\u015f\u0131nda ki\u015fisel verilerin aktar\u0131ld\u0131\u011f\u0131 \u00fc\u00e7\u00fcnc\u00fc ki\u015fileri bilme,<\/p>\n\n\n\n<p><strong>e)<\/strong>&nbsp;Ki\u015fisel verilerin eksik veya yanl\u0131\u015f i\u015flenmi\u015f olmas\u0131 h\u00e2linde bunlar\u0131n d\u00fczeltilmesini isteme ve bu \u00e7er\u00e7evede yap\u0131lan i\u015flemin ki\u015fisel verilerin aktar\u0131ld\u0131\u011f\u0131 \u00fc\u00e7\u00fcnc\u00fc ki\u015filere bildirilmesini talep etme,<\/p>\n\n\n\n<p><strong>f)<\/strong>&nbsp;Ki\u015fisel Verilerin Korunmas\u0131 Kanunu\u2019na ve ilgili di\u011fer kanun h\u00fck\u00fcmlerine uygun olarak i\u015flenmi\u015f olmas\u0131na ra\u011fmen, i\u015flenmesini gerektiren sebeplerin ortadan kalkmas\u0131 h\u00e2linde ki\u015fisel verilerin silinmesini, yok edilmesini veya anonim hale getirilmesini isteme ve bu kapsamda yap\u0131lan i\u015flemin ki\u015fisel verilerin aktar\u0131ld\u0131\u011f\u0131 \u00fc\u00e7\u00fcnc\u00fc ki\u015filere bildirilmesini isteme,<\/p>\n\n\n\n<p><strong>g)<\/strong>&nbsp;\u0130\u015flenen verilerin m\u00fcnhas\u0131ran otomatik sistemler vas\u0131tas\u0131yla analiz edilmesi suretiyle ki\u015finin kendisi aleyhine bir sonucun ortaya \u00e7\u0131kmas\u0131na itiraz etme,<\/p>\n\n\n\n<p><strong>h)<\/strong>&nbsp;Ki\u015fisel verilerin kanuna ayk\u0131r\u0131 olarak i\u015flenmesi sebebiyle zarara u\u011framas\u0131 h\u00e2linde zarar\u0131n giderilmesini talep etme haklar\u0131na sahiptir.<\/p>\n\n\n\n<p><strong>3.2.<\/strong>&nbsp;Kullan\u0131c\u0131\/\u00dcye, bu haklar\u0131n\u0131;<\/p>\n\n\n\n<p>\u2013 Islak imzas\u0131n\u0131 ta\u015f\u0131yan bir dilek\u00e7eyi, \u015eirket\u2019in \u201cA\u011falar Mah. Camii Sok. No : 10 \/ B Kocaali \/ SAKARYA\u201d adresine iadeli taahh\u00fctl\u00fc posta yoluyla g\u00f6ndererek veya,<\/p>\n\n\n\n<p>\u2013 Ki\u015fisel Verileri Koruma Kurulu taraf\u0131ndan ayr\u0131 bir y\u00f6ntem duyurulmas\u0131 halinde bu y\u00f6nteme uygun olarak kullanabilir. Kullan\u0131c\u0131n\u0131n\/\u00dcyenin yukar\u0131da belirtilen haklar\u0131n\u0131 kullanmak i\u00e7in yapaca\u011f\u0131 ba\u015fvuruda; talebinin a\u00e7\u0131k ve anla\u015f\u0131l\u0131r olmas\u0131, talep etti\u011fi konunun \u015fahs\u0131 ile ilgili olmas\u0131; \u015fayet temsilcisi taraf\u0131ndan ba\u015fvuruda bulunulacak ise bu durumda temsil yetkisinin belgelendirilmesi, ba\u015fvuran Kullan\u0131c\u0131n\u0131n\/\u00dcyenin kimlik ve adres bilgilerine yer verilmesi ve ba\u015fvuruya Kullan\u0131c\u0131n\u0131n\/\u00dcyenin kimli\u011fini tevsik eden belgelerin eklenmesi gerekmektedir.<\/p>\n\n\n\n<p><strong>3.3.<\/strong>&nbsp;Kullan\u0131c\u0131\/\u00dcye, ki\u015fisel bilgilerini ve ileti\u015fim tercihlerini de\u011fi\u015ftirmek veya g\u00fcncellemek i\u00e7in bu konudaki taleplerini yukar\u0131da izah edilen \u015fekilde veya&nbsp;haber@kocaali.com&nbsp;adresine g\u00f6nderece\u011fi e-posta ile \u015eirket\u2019e iletmelidir. Kullan\u0131c\u0131n\u0131n\/\u00dcyenin talebi en k\u0131sa s\u00fcrede de\u011ferlendirilerek gere\u011fi yap\u0131lacakt\u0131r.<\/p>\n\n\n\n<p><strong>4. SOSYAL MEDYA EKLENT\u0130LER\u0130N\u0130N KULLANIMI<\/strong><\/p>\n\n\n\n<p><strong>4.1.<\/strong>&nbsp;\u0130nternet Sitemizde Kullan\u0131c\u0131n\u0131n\/\u00dcyenin, internet sayfalar\u0131n\u0131 payla\u015fabilmesi veya i\u015faretleyebilmesi i\u00e7in sosyal medya tu\u015flar\u0131 kullan\u0131lmaktad\u0131r. \u0130nternet Sitemizde bu gibi eklentileri i\u00e7eren bir sayfa Kullan\u0131c\u0131\/\u00dcye taraf\u0131ndan ziyaret edildi\u011finde ba\u015flang\u0131\u00e7ta sosyal medya tu\u015flar\u0131 etkisizdir; s\u00f6z konusu tu\u015flardan birine Kullan\u0131c\u0131\/\u00dcye taraf\u0131ndan t\u0131klanmad\u0131\u011f\u0131 s\u00fcrece eklentiler etkili hale gelmezler. Kullan\u0131c\u0131\/\u00dcye, eklentileri etkili hale getirerek, ilgili sosyal medya uygulamalar\u0131 ile ba\u011flant\u0131 kurmu\u015f olur ve e\u011fer s\u00f6z konusu sosyal medya sitelerinde Kullan\u0131c\u0131n\u0131n\/\u00dcyenin oturumu a\u00e7\u0131ksa, bu ziyareti ilgili sosyal medya siteleri taraf\u0131ndan Kullan\u0131c\u0131n\u0131n\/\u00dcyenin hesab\u0131 ile ili\u015fkilendirilebilir ve Kullan\u0131c\u0131n\u0131n\/\u00dcyenin bilgileri s\u00f6z konusu sosyal medya siteleri taraf\u0131ndan kaydedilebilir. Kullan\u0131c\u0131\/\u00dcye, sosyal medya sitelerinde sahip oldu\u011fu hesab\u0131 ile, \u0130nternet Sitemize ger\u00e7ekle\u015ftirdi\u011fi ziyareti aras\u0131nda ba\u011flant\u0131 kurulmas\u0131n\u0131 engellemek i\u00e7in, \u0130nternet Sitemize eri\u015fmeden \u00f6nce ilgili sosyal medya hesaplar\u0131nda oturumunu kapatmas\u0131 gerekmektedir.<\/p>\n\n\n\n<p><strong>4.2.<\/strong>&nbsp;Sosyal medya siteleri ve di\u011fer \u00fc\u00e7\u00fcnc\u00fc taraf internet siteleri kontrol\u00fcm\u00fcz d\u0131\u015f\u0131nda olup, i\u015fbu Gizlilik ve Ki\u015fisel Verilerin Korunmas\u0131 Politikas\u0131 kapsam\u0131nda de\u011fildir. S\u00f6z konusu sosyal medya sitelerinin ve di\u011fer internet sitelerinin faaliyetleri, gizlilik politikalar\u0131 veya gizlilik uyum seviyeleri hususunda hi\u00e7bir sorumlulu\u011fumuz bulunmamaktad\u0131r. Bu nedenle, s\u00f6z konusu internet sitelerinin Kullan\u0131c\u0131lar\/\u00dcyeler ile ilgili bilgileri nas\u0131l toplad\u0131klar\u0131n\u0131 ve kulland\u0131klar\u0131n\u0131, bunun nas\u0131l engellenebilece\u011fi ya da bilgilerin nas\u0131l silinebilece\u011fini \u00f6\u011frenmek i\u00e7in ilgili sitelerin kullan\u0131m ko\u015fullar\u0131n\u0131n ve gizlilik politikalar\u0131n\u0131n Kullan\u0131c\u0131\/\u00dcye taraf\u0131ndan incelenmesi gerekmektedir.<\/p>\n\n\n\n<p><strong>5. \u00c7EREZ (COOKIE) KULLANIMI<\/strong><\/p>\n\n\n\n<p><strong>5.1.<\/strong>&nbsp;\u0130nternet Sitemizde, sitemizin kullan\u0131m\u0131n\u0131 kolayla\u015ft\u0131rmak ve \u00f6zelle\u015ftirmek amac\u0131yla \u00e7erezler kullanmaktay\u0131z. \u00c7erezler, Kullan\u0131c\u0131n\u0131n\/\u00dcyenin taray\u0131c\u0131s\u0131 taraf\u0131ndan bilgisayar\u0131n\u0131n sabit s\u00fcr\u00fcc\u00fcs\u00fcne yerle\u015ftirilen k\u00fc\u00e7\u00fck metin dosyalar\u0131d\u0131r. Kullan\u0131c\u0131\/\u00dcye, \u0130nternet Sitemizi her ziyaret etti\u011finde, Kullan\u0131c\u0131n\u0131n\/\u00dcyenin internet taray\u0131c\u0131s\u0131, \u00e7erezleri \u0130nternet Sitemize g\u00f6nderir; b\u00f6ylece \u0130nternet Sitemiz Kullan\u0131c\u0131y\u0131\/\u00dcyeyi tan\u0131r ve Kullan\u0131c\u0131\/\u00dcye tercihleri gibi bilgilerini hat\u0131rlar. Kulland\u0131\u011f\u0131m\u0131z \u00e7erezler ki\u015fisel veri saklamaz yani anonimdir.<\/p>\n\n\n\n<p><strong>5.2.<\/strong>&nbsp;Kullan\u0131c\u0131\/\u00dcye internet taray\u0131c\u0131s\u0131n\u0131, \u00e7erezleri kabul etmeden \u00f6nce kendisini uyaracak \u015fekilde veya basit\u00e7e t\u00fcm \u00e7erezleri reddedecek \u015fekilde ayarlayabilir; fakat \u00e7erezler kabul edilmedi\u011fi takdirde \u0130nternet Sitemizin t\u00fcm \u00f6zelliklerine eri\u015fmek m\u00fcmk\u00fcn olmayabilir. Kullan\u0131c\u0131\/\u00dcye, bu ayarlar\u0131n nas\u0131l yap\u0131laca\u011f\u0131n\u0131 \u00f6\u011frenmek i\u00e7in internet taray\u0131c\u0131s\u0131n\u0131n \u201cyard\u0131m\u201d d\u00fc\u011fmesine t\u0131klayarak gerekli de\u011fi\u015fiklikleri yapabilecektir. Kullan\u0131c\u0131\/\u00dcye, \u00e7erez ayarlar\u0131n\u0131 de\u011fi\u015ftirmedi\u011fi s\u00fcrece \u0130\u015fbu Gizlilik ve Ki\u015fisel Verilerin Korunmas\u0131 Politikas\u0131na uygun \u015fekilde \u00e7erez kullan\u0131m\u0131na a\u00e7\u0131k onay verdi\u011fi kabul edilir.<\/p>\n\n\n\n<p><strong>6. T\u0130CAR\u0130 \u0130LET\u0130LER<\/strong><\/p>\n\n\n\n<p><strong>6.1<\/strong>. Kullan\u0131c\u0131n\u0131n\/\u00dcyenin; ki\u015fisel verilerinin kendisine \u00e7e\u015fitli avantajlar\u0131n sa\u011flan\u0131p sunulabilmesi ve kendisine \u00f6zel tan\u0131t\u0131m, promosyon, reklam, sat\u0131\u015f, pazarlama, anket ve benzer ama\u00e7l\u0131 her t\u00fcrl\u00fc elektronik ileti\u015fimin yap\u0131lmas\u0131 ve her t\u00fcrl\u00fc ileti\u015fim mesajlar\u0131n\u0131n g\u00f6nderilmesi amac\u0131yla; toplanmas\u0131na, saklanmas\u0131na, i\u015flenmesine, kullan\u0131lmas\u0131na ve yukar\u0131da belirtilen 3. ki\u015filere yurt i\u00e7inde ve yurt d\u0131\u015f\u0131nda aktar\u0131lmas\u0131na izin verdi\u011fi kabul edilecektir.<\/p>\n\n\n\n<p><strong>6.2.<\/strong>&nbsp;Kullan\u0131c\u0131\/\u00dcye, \u015eirket taraf\u0131ndan kendisine b\u00fclten, duyuru, ticari ileti veya di\u011fer bildiri ve\/veya mesaj g\u00f6nderilmesini istemiyorsa, bu durumda \u0130nternet Sitesi\u2019ne \u00fcye olurken bu bildiriler veya hizmetler i\u00e7in bir talep belirtmemelidir. Ancak, Kullan\u0131c\u0131\/\u00dcye \u0130nternet Sitesi\u2019ne \u00fcye olurken, s\u00f6z konusu ileti veya bildirilerin taraf\u0131na g\u00f6nderilmesine onay verdiyse bu durumda kendisiyle her t\u00fcrl\u00fc elektronik ileti\u015fim yap\u0131lmas\u0131 ve di\u011fer ileti\u015fim mesajlar\u0131n\u0131n taraf\u0131na g\u00f6nderilmesine r\u0131za vermi\u015f say\u0131lacakt\u0131r.<\/p>\n\n\n\n<p><strong>6.3.<\/strong>&nbsp;Yeni Alanya B\u00fclten\u2019e \u00fcye olan Kullan\u0131c\u0131ya\/\u00dcyeye g\u00f6nderilen e-postalarda, gelecekteki bildirileri almama opsiyonu sunulmaktad\u0131r. \u015eayet Kullan\u0131c\u0131\/\u00dcye, kendisine b\u00fclten g\u00f6nderilmesi i\u00e7in verdi\u011fi onay\u0131 kald\u0131rmak isterse, bu durumda kendisine g\u00f6nderilen e-postada belirtilen talimatlar\u0131 takip ederek bu konudaki tercihlerini de\u011fi\u015ftirebilecektir.<\/p>\n\n\n\n<p><strong>7. UYGULANACAK HUKUK VE YETK\u0130L\u0130 MAHKEME<\/strong><\/p>\n\n\n\n<p>\u0130\u015fbu Gizlilik ve Ki\u015fisel Verilerin Korunmas\u0131 Politikas\u0131\u2019n\u0131n yorumlanmas\u0131nda, uygulanmas\u0131nda ve Kullan\u0131c\u0131\/\u00dcye ile \u015eirket aras\u0131nda \u00e7\u0131kabilecek uyu\u015fmazl\u0131klar\u0131n \u00e7\u00f6z\u00fcm\u00fcnde T\u00fcrk Hukuku uygulanacak olup, \u0130\u015fbu Gizlilik ve Ki\u015fisel Verilerin Korunmas\u0131 Politikas\u0131\u2019ndan do\u011fabilecek her t\u00fcrl\u00fc uyu\u015fmazl\u0131\u011f\u0131n \u00e7\u00f6z\u00fcm\u00fcnde Sakarya \/ Kocaali&nbsp;Mahkemeleri yetkilidir.<\/p>\n","protected":false},"excerpt":{"rendered":"<p>G\u0130ZL\u0130L\u0130K VE K\u0130\u015e\u0130SEL VER\u0130LER\u0130N KORUNMASI POL\u0130T\u0130KASI \u0130\u015fbu Gizlilik ve Ki\u015fisel Verilerin Korunmas\u0131 Politikas\u0131,&nbsp;olarak i\u00e7erik sa\u011flay\u0131c\u0131s\u0131 ve veri sorumlusu oldu\u011fumuz&nbsp;sakarya.news&nbsp;adresli internet sitemiz&nbsp;(\u201c\u0130nternet Sitesi\u201d)&nbsp;ve sair yollar \u00fczerinden hangi ki\u015fisel verilerin ne \u015fekilde topland\u0131\u011f\u0131, kullan\u0131ld\u0131\u011f\u0131, kimlerle payla\u015f\u0131labilece\u011fi, Kullan\u0131c\u0131lar\u0131n\/\u00dcyelerin hangi haklara sahip olduklar\u0131, bunlar\u0131 ne \u015fekilde kullanabilecekleri ve \u00e7erezler hakk\u0131nda bilgi vermek amac\u0131yla haz\u0131rlanm\u0131\u015ft\u0131r. \u0130nternet Sitemizi ziyaret eden, kullanan, [&hellip;]<\/p>\n","protected":false},"author":1,"featured_media":0,"parent":0,"menu_order":0,"comment_status":"closed","ping_status":"open","template":"","meta":{"footnotes":""},"class_list":["post-3","page","type-page","status-publish","hentry"],"_links":{"self":[{"href":"https:\/\/haber.kocaalibilisim.com\/index.php\/wp-json\/wp\/v2\/pages\/3","targetHints":{"allow":["GET"]}}],"collection":[{"href":"https:\/\/haber.kocaalibilisim.com\/index.php\/wp-json\/wp\/v2\/pages"}],"about":[{"href":"https:\/\/haber.kocaalibilisim.com\/index.php\/wp-json\/wp\/v2\/types\/page"}],"author":[{"embeddable":true,"href":"https:\/\/haber.kocaalibilisim.com\/index.php\/wp-json\/wp\/v2\/users\/1"}],"replies":[{"embeddable":true,"href":"https:\/\/haber.kocaalibilisim.com\/index.php\/wp-json\/wp\/v2\/comments?post=3"}],"version-history":[{"count":1,"href":"https:\/\/haber.kocaalibilisim.com\/index.php\/wp-json\/wp\/v2\/pages\/3\/revisions"}],"predecessor-version":[{"id":3366,"href":"https:\/\/haber.kocaalibilisim.com\/index.php\/wp-json\/wp\/v2\/pages\/3\/revisions\/3366"}],"wp:attachment":[{"href":"https:\/\/haber.kocaalibilisim.com\/index.php\/wp-json\/wp\/v2\/media?parent=3"}],"curies":[{"name":"wp","href":"https:\/\/api.w.org\/{rel}","templated":true}]}}